{"version":"1.0","provider_name":"Ecover DE","provider_url":"https:\/\/de.ecover.com\/de","author_name":"Franziska","author_url":"https:\/\/de.ecover.com\/de\/news\/author\/franziskak\/","title":"#4: Killt Kleidung das Klima? - Ecover DE","type":"rich","width":600,"height":338,"html":"<blockquote class=\"wp-embedded-content\" data-secret=\"o8P9cbsnqN\"><a href=\"https:\/\/de.ecover.com\/de\/news\/ecover-podcast-folge4\/\">#4: Killt Kleidung das Klima?<\/a><\/blockquote><iframe sandbox=\"allow-scripts\" security=\"restricted\" src=\"https:\/\/de.ecover.com\/de\/news\/ecover-podcast-folge4\/embed\/#?secret=o8P9cbsnqN\" width=\"600\" height=\"338\" title=\"&#8222;#4: Killt Kleidung das Klima?&#8220; &#8212; Ecover DE\" data-secret=\"o8P9cbsnqN\" frameborder=\"0\" marginwidth=\"0\" marginheight=\"0\" scrolling=\"no\" class=\"wp-embedded-content\"><\/iframe><script type=\"text\/javascript\">\n\/* <![CDATA[ *\/\n\/*! This file is auto-generated *\/\n!function(d,l){\"use strict\";l.querySelector&&d.addEventListener&&\"undefined\"!=typeof URL&&(d.wp=d.wp||{},d.wp.receiveEmbedMessage||(d.wp.receiveEmbedMessage=function(e){var t=e.data;if((t||t.secret||t.message||t.value)&&!\/[^a-zA-Z0-9]\/.test(t.secret)){for(var s,r,n,a=l.querySelectorAll('iframe[data-secret=\"'+t.secret+'\"]'),o=l.querySelectorAll('blockquote[data-secret=\"'+t.secret+'\"]'),c=new RegExp(\"^https?:$\",\"i\"),i=0;i<o.length;i++)o[i].style.display=\"none\";for(i=0;i<a.length;i++)s=a[i],e.source===s.contentWindow&&(s.removeAttribute(\"style\"),\"height\"===t.message?(1e3<(r=parseInt(t.value,10))?r=1e3:~~r<200&&(r=200),s.height=r):\"link\"===t.message&&(r=new URL(s.getAttribute(\"src\")),n=new URL(t.value),c.test(n.protocol))&&n.host===r.host&&l.activeElement===s&&(d.top.location.href=t.value))}},d.addEventListener(\"message\",d.wp.receiveEmbedMessage,!1),l.addEventListener(\"DOMContentLoaded\",function(){for(var e,t,s=l.querySelectorAll(\"iframe.wp-embedded-content\"),r=0;r<s.length;r++)(t=(e=s[r]).getAttribute(\"data-secret\"))||(t=Math.random().toString(36).substring(2,12),e.src+=\"#?secret=\"+t,e.setAttribute(\"data-secret\",t)),e.contentWindow.postMessage({message:\"ready\",secret:t},\"*\")},!1)))}(window,document);\n\/* ]]> *\/\n<\/script>\n","thumbnail_url":"https:\/\/de.ecover.com\/de\/wp-content\/uploads\/sites\/15\/2021\/05\/LEV03804.jpg","thumbnail_width":2000,"thumbnail_height":1333,"description":"In dieser Folge von \u201eLET\u2019S LIVE CLEAN\u201c, dem Podcast von ECOVER, geht es um den Zusammenhang zwischen unserer Kleidung und dem Klima(wandel). Dazu spricht Vreni mit der Journalistin, Autorin und Aktivistin Jana Braum\u00fcller. Sie ist Mitgr\u00fcnderin der Community-Plattform Fashion Changers, die via Online-Magazin, diversen Events und gezielten Aktionen zum Thema Mode und Nachhaltigkeit aufkl\u00e4ren und zum Mitmachen aktivieren. Die Fashion Changers hinterfragen kritisch und faktenbasiert Prozesse innerhalb der Modeindustrie und m\u00f6chten Verbraucher:innen zu einem bewussteren Umgang mit Mode inspirieren. Dabei scheuen sie sich auch nicht, \u00fcber kontroverse Themen wie Klimaschutz, Inklusion, Diversit\u00e4t und soziale Teilhabe zu sprechen, um genau dort positive Ver\u00e4nderungen anzuregen."}

In dieser Folge von „LET’S LIVE CLEAN“, dem Podcast von ECOVER, geht es um den Zusammenhang zwischen unserer Kleidung und dem Klima(wandel). Dazu spricht Vreni mit der Journalistin, Autorin und Aktivistin Jana Braumüller. Sie ist Mitgründerin der Community-Plattform Fashion Changers, die via Online-Magazin, diversen Events und gezielten Aktionen zum Thema Mode und Nachhaltigkeit aufklären und zum Mitmachen aktivieren. Die Fashion Changers hinterfragen kritisch und faktenbasiert Prozesse innerhalb der Modeindustrie und möchten Verbraucher:innen zu einem bewussteren Umgang mit Mode inspirieren. Dabei scheuen sie sich auch nicht, über kontroverse Themen wie Klimaschutz, Inklusion, Diversität und soziale Teilhabe zu sprechen, um genau dort positive Veränderungen anzuregen.
